4?
True
Does 419 divide 10555448?
True
Is 4865545596 a multiple of 3868?
True
Is 319 a factor of 22501468?
False
Is 310286939 a multiple of 14?
False
Is 1995 a factor of 43192498?
False
Does 133 divide 25543547?
False
Does 982 divide 176215972?
True
Does 504 divide 23349312?
True
Is 19 a factor of 514258563?
False
Is 9 a factor of 46613790?
True
Is 1019841030 a multiple of 162?
True
Does 294 divide 5027106?
True
Does 25 divide 290462175?
True
Is 1928005519 a multiple of 7218?
False
Does 49 divide 103271877?
False
Does 35 divide 319351935?
True
Is 1730951 a multiple of 17?
False
Does 52 divide 567363004?
True
Is 62 a factor of 2728135695?
False
Is 27 a factor of 2248175445?
False
Is 14 a factor of 1359321?
False
Is 77105295 a multiple of 7?
False
Is 696563487 a multiple of 23?
True
Does 19 divide 86989887?
False
Does 87 divide 3187951?
False
Does 226 divide 251260197?
False
Does 771 divide 32506286?
False
Is 509965520 a multiple of 633?
False
Does 10 divide 67983799?
False
Does 765 divide 39723418?
False
Is 16 a factor of 158295337?
False
Is 628943793 a multiple of 94?
False
Does 1836 divide 531329220?
True
Is 1482144976 a multiple of 1384?
True
Is 1095145946 a multiple of 349?
True
Is 3312 a factor of 4348850404?
False
Does 138 divide 459182442?
True
Does 669 divide 2960756?
False
Is 277466173 a multiple of 69?
False
Is 18146121 a multiple of 19?
True
Is 3972479420 a multiple of 2210?
True
Does 6 divide 40282789?
False
Is 129 a factor of 35125926?
True
Is 5 a factor of 103574325?
True
Is 261130868 a multiple of 34?
False
Does 72 divide 222388202?
False
Is 223 a factor of 43858971?
True
Is 24363840 a multiple of 984?
True
Is 6739506 a multiple of 669?
True
Does 3792 divide 236011729?
False
Is 184161758 a multiple of 386?
True
Does 18 divide 169124855?
False
Is 1252942 a multiple of 7?
False
Does 13 divide 68475589?
True
Does 9 divide 2149044273?
True
Is 46 a factor of 3314254?
True
Is 1068001815 a multiple of 173?
False
Is 68020689 a multiple of 1073?
True
Is 1058543168 a multiple of 16?
True
Is 675110355 a multiple of 753?
False
Is 43467940 a multiple of 1831?
True
Is 115 a factor of 97043670?
True
Does 838 divide 17065870?
True
Is 17 a factor of 1211930126?
False
Is 17055664 a multiple of 16?
True
Does 52 divide 63612120?
True
Does 7 divide 349023?
False
Is 649294007 a multiple of 6?
False
Is 53548194 a multiple of 21?
True
Is 49867854 a multiple of 9?
False
Is 44877183 a multiple of 1177?
False
Is 966376144 a multiple of 1657?
False
Does 6032 divide 561405434?
False
Is 2288196504 a multiple of 846?
True
Is 410 a factor of 1000692330?
True
Is 196 a factor of 695273544?
True
Does 2256 divide 658036848?
True
Is 1031412 a multiple of 8?
False
Is 5 a factor of 48091539?
False
Is 100 a factor of 312786200?
True
Is 959102127 a multiple of 49?
False
Is 58 a factor of 4324707?
False
Does 485 divide 33152084?
False
Is 48062679 a multiple of 53?
True
Does 105 divide 14412803?
False
Does 4925 divide 4725631767?
False
Is 46 a factor of 28807500?
True
Is 664 a factor of 233126366?
False
Is 1822 a factor of 78186438?
False
Is 587 a factor of 3886390?
False
Is 1715 a factor of 445453854?
False
Does 4 divide 4496026?
False
Is 25 a factor of 18161650?
True
Does 37 divide 51090155?
True
Is 15582341 a multiple of 37?
False
Is 16774 a factor of 3079991558?
True
Is 47704161 a multiple of 239?
True
Does 33 divide 14509077?
True
Is 90809438 a multiple of 30?
False
Is 4510291523 a multiple of 5861?
True
Does 13 divide 73972236?
True
Is 56 a factor of 10264296?
True
Is 21622343 a multiple of 277?
True
Is 96824193 a multiple of 321?
True
Is 1982435341 a multiple of 59?
True
Is 315140194 a multiple of 372?
False
Is 816551194 a multiple of 257?
True
Does 50 divide 266479468?
False
Is 1664 a factor of 25326097?
False
Is 3494 a factor of 57142264?
False
Is 64 a factor of 4910720?
True
Does 10 divide 2334421280?
True
Does 17 divide 3991096053?
False
Is 69306611 a multiple of 40?
False
Does 11385 divide 5936116230?
True
Does 29 divide 96731181?
False
Is 63437176 a multiple of 85?
False
Is 731 a factor of 333842223?
False
Does 289 divide 204798117?
False
Does 85 divide 308612730?
True
Does 5 divide 21368910?
True
Does 43 divide 436136014?
True
Is 94 a factor of 331593080?
False
Is 9620448 a multiple of 12?
True
Is 5637422 a multiple of 7?
True
Does 9 divide 20095729?
False
Is 16813503 a multiple of 21?
True
Is 94 a factor of 130185517?
False
Does 223 divide 547543962?
False
Is 42 a factor of 590940261?
False
Does 79 divide 465621497?
True
Is 208041344 a multiple of 88?
False
Is 39 a factor of 5299046?
False
Is 126624340 a multiple of 730?
True
Is 406188773 a multiple of 41?
False
Does 211 divide 193370528?
True
Is 3147357243 a multiple of 297?
False
Is 228038679 a multiple of 307?
True
Is 268 a factor of 26351647?
False
Does 9 divide 611406?
True
Is 6 a factor of 24729993?
False
Is 84 a factor of 210563808?
True
Is 131265842 a multiple of 1643?
True
Is 19 a factor of 489330864?
True
Does 15 divide 127891845?
True
Does 84 divide 235383291?
False
Is 2486685190 a multiple of 22?
True
Does 1426 divide 1202668436?
True
Is 115 a factor of 91782?
False
Is 279 a factor of 155093589?
True
Is 16889630 a multiple of 61?
False
Is 288 a factor of 143704914?
False
Does 76 divide 546834735?
False
Does 14 divide 47153992?
False
Does 519 divide 1301959998?
False
Is 217105730 a multiple of 76?
False
Is 24 a factor of 1140288197?
False
Does 137 divide 184787445?
False
Does 8 divide 196415576?
True
Is 7023031 a multiple of 99?
False
Does 22 divide 29717160?
True
Does 794 divide 348351862?
False
Is 108 a factor of 113572368?
True
Does 4 divide 44655104?
True
Is 2129414 a multiple of 114?
False
Is 57 a factor of 25378779?
False
Is 80 a factor of 25298160?
True
Is 15998227 a multiple of 29?
True
Is 83 a factor of 32603432?
False
Is 586364 a multiple of 4?
True
Does 224 divide 152930848?
True
Does 117 divide 443507043?
False
Is 7 a factor of 462656324?
False
Is 342 a factor of 413615142?
True
Does 1570 divide 1211604824?
False
Is 933 a factor of 1178587992?
True
Is 29681466 a multiple of 53?
False
Is 213558332 a multiple of 1916?
False
Does 23 divide 107741926?
False
Is 666 a factor of 5396809?
False
Is 29930740 a multiple of 10?
True
Is 203 a factor of 3454672399?
False
Does 838 divide 335450424?
False
Is 166 a factor of 19162129?
False
Is 3480011381 a multiple of 28?
False
Is 154722125 a multiple of 19?
False
Does 2632 divide 142822848?
True
Is 4545513031 a multiple of 20?
False
Is 117 a factor of 18955914?
False
Is 212 a factor of 1760605092?
True
Does 217 divide 614153?
False
Does 81 divide 91526598?
True
Does 161 divide 1488928?
True
Is 110 a factor of 313683686?
False
Does 2 divide 10757361?
False
Is 20192013 a multiple of 3?
True
Is 635 a factor of 1127803180?
True
Is 62031940 a multiple of 20?
True
Is 408906519 a multiple of 901?
False
Is 10 a factor of 45155940?
True
Is 120583019 a multiple of 437?
False
Is 355412393 a multiple of 447?
False
Is 697 a factor of 1112427334?
True
Is 12752083 a multiple of 55?
False
Is 93 a factor of 129263808?
False
Does 180 divide 16774200?
True
Is 166460756 a multiple of 308?
True
Is 23053056 a multiple of 2496?
True
Is 92 a factor of 235229029?
False
Is 20876956 a multiple of 8?
False
Does 1384 divide 33581222?
False
Does 636 divide 502212061?
False
Is 275289046 a multiple of 88?
False
Is 80203266 a multiple of 143?
True
Does 7 divide 3349842293?
True
Is 416515155 a multiple of 283?
True
Is 133530475 a multiple of 3425?
True
Does 4668 divide 1718489058?
False
Does 69 divide 183040095?
True
Is 1750 a factor of 3161704369?
False
Is 16206950 a multiple of 34?
True
Is 10216883 a multiple of 505?
False
Is 3334635 a multiple of 21?
False
Does 145 divide 35014890?
True
Is 97932220 a multiple of 10?
True
Is 41921211 a multiple of 177?
True
Does 9642 divide 1318476006?
True
Does 124 divide 9637205?
False
Does 21 divide 985696803?
True
Is 78039216 a multiple of 296?
True
Is 1400014759 a multiple of 14?
False
Does 36 divide 1500948006?
False
Is 52918125 a multiple of 13?
True
Is 7 a factor of 25611264?
True
Is 348 a factor of 239400593?
False
Does 203 divide 35433651?
False
Does 14 divide 48228600?
True
Is 600 a factor of 99301200?
True
Is 75 a factor of 6413895